{"id":288547,"date":"2026-02-24T11:20:13","date_gmt":"2026-02-24T10:20:13","guid":{"rendered":"https:\/\/test.evolutiontravel.community\/ita\/?page_id=288547"},"modified":"2026-02-24T11:22:05","modified_gmt":"2026-02-24T10:22:05","slug":"tour-operator-viaggi-su-misura-e-conti-in-ascesa-evolution-travel-apre-il-2026-dopo-un-anno-da-record","status":"publish","type":"page","link":"https:\/\/test.evolutiontravel.community\/ita\/rassegna-stampa\/tour-operator-viaggi-su-misura-e-conti-in-ascesa-evolution-travel-apre-il-2026-dopo-un-anno-da-record\/","title":{"rendered":"TOUR OPERATOR | Viaggi su misura e conti in ascesa: Evolution Travel apre il 2026 dopo un anno da record"},"content":{"rendered":"\t\t<div data-elementor-type=\"wp-page\" data-elementor-id=\"288547\" class=\"elementor elementor-288547\" data-elementor-post-type=\"page\">\n\t\t\t\t\t\t<section class=\"elementor-section elementor-top-section elementor-element elementor-element-85f6548 elementor-section-boxed elementor-section-height-default elementor-section-height-default\" data-id=\"85f6548\" data-element_type=\"section\">\n\t\t\t\t\t\t<div class=\"elementor-container elementor-column-gap-default\">\n\t\t\t\t\t<div class=\"elementor-column elementor-col-100 elementor-top-column elementor-element elementor-element-f7b7bf3\" data-id=\"f7b7bf3\" data-element_type=\"column\">\n\t\t\t<div class=\"elementor-widget-wrap elementor-element-populated\">\n\t\t\t\t\t\t<div class=\"elementor-element elementor-element-db36c15 elementor-widget elementor-widget-image\" data-id=\"db36c15\" data-element_type=\"widget\" data-widget_type=\"image.default\">\n\t\t\t\t<div class=\"elementor-widget-container\">\n\t\t\t\t\t\t\t\t\t\t\t\t\t\t\t<img fetchpriority=\"high\" decoding=\"async\" width=\"640\" height=\"166\" src=\"https:\/\/test.evolutiontravel.community\/ita\/wp-content\/uploads\/2026\/01\/TurismoItaliaNews-logo_header-768x199.jpeg\" class=\"attachment-medium_large size-medium_large wp-image-282608\" alt=\"\" srcset=\"https:\/\/test.evolutiontravel.community\/ita\/wp-content\/uploads\/2026\/01\/TurismoItaliaNews-logo_header-768x199.jpeg 768w, https:\/\/test.evolutiontravel.community\/ita\/wp-content\/uploads\/2026\/01\/TurismoItaliaNews-logo_header-300x78.jpeg 300w, https:\/\/test.evolutiontravel.community\/ita\/wp-content\/uploads\/2026\/01\/TurismoItaliaNews-logo_header-1024x265.jpeg 1024w, https:\/\/test.evolutiontravel.community\/ita\/wp-content\/uploads\/2026\/01\/TurismoItaliaNews-logo_header-624x161.jpeg 624w, https:\/\/test.evolutiontravel.community\/ita\/wp-content\/uploads\/2026\/01\/TurismoItaliaNews-logo_header-600x155.jpeg 600w, https:\/\/test.evolutiontravel.community\/ita\/wp-content\/uploads\/2026\/01\/TurismoItaliaNews-logo_header.jpeg 1435w\" sizes=\"(max-width: 640px) 100vw, 640px\" \/>\t\t\t\t\t\t\t\t\t\t\t\t\t\t\t<\/div>\n\t\t\t\t<\/div>\n\t\t\t\t\t<\/div>\n\t\t<\/div>\n\t\t\t\t\t<\/div>\n\t\t<\/section>\n\t\t\t\t<\/div>\n\t\t","protected":false},"excerpt":{"rendered":"<p>Per Evolution Travel il 2025 \u00e8 stato molto pi\u00f9 di un esercizio positivo: \u00e8 stato, come lo definisce il Chief Financial Officer Matteo Pasotto, \u201cl\u2019anno\u2026<\/p>\n","protected":false},"author":552,"featured_media":282608,"parent":12725,"menu_order":0,"comment_status":"closed","ping_status":"closed","template":"","meta":{"pmpro_default_level":"","_price":"","_stock":"","_tribe_ticket_header":"","_tribe_default_ticket_provider":"","_tribe_ticket_capacity":"0","_ticket_start_date":"","_ticket_end_date":"","_tribe_ticket_show_description":"","_tribe_ticket_show_not_going":false,"_tribe_ticket_use_global_stock":"","_tribe_ticket_global_stock_level":"","_global_stock_mode":"","_global_stock_cap":"","_tribe_rsvp_for_event":"","_tribe_ticket_going_count":"","_tribe_ticket_not_going_count":"","_tribe_tickets_list":"[]","_tribe_ticket_has_attendee_info_fields":false,"footnotes":"","_tec_slr_enabled":"","_tec_slr_layout":""},"class_list":["post-288547","page","type-page","status-publish","has-post-thumbnail","hentry","pmpro-has-access"],"ticketed":false,"app_access":{"can_access":true,"restrict_message":null},"_links":{"self":[{"href":"https:\/\/test.evolutiontravel.community\/ita\/wp-json\/wp\/v2\/pages\/288547","targetHints":{"allow":["GET"]}}],"collection":[{"href":"https:\/\/test.evolutiontravel.community\/ita\/wp-json\/wp\/v2\/pages"}],"about":[{"href":"https:\/\/test.evolutiontravel.community\/ita\/wp-json\/wp\/v2\/types\/page"}],"author":[{"embeddable":true,"href":"https:\/\/test.evolutiontravel.community\/ita\/wp-json\/wp\/v2\/users\/552"}],"replies":[{"embeddable":true,"href":"https:\/\/test.evolutiontravel.community\/ita\/wp-json\/wp\/v2\/comments?post=288547"}],"version-history":[{"count":4,"href":"https:\/\/test.evolutiontravel.community\/ita\/wp-json\/wp\/v2\/pages\/288547\/revisions"}],"predecessor-version":[{"id":288551,"href":"https:\/\/test.evolutiontravel.community\/ita\/wp-json\/wp\/v2\/pages\/288547\/revisions\/288551"}],"up":[{"embeddable":true,"href":"https:\/\/test.evolutiontravel.community\/ita\/wp-json\/wp\/v2\/pages\/12725"}],"wp:featuredmedia":[{"embeddable":true,"href":"https:\/\/test.evolutiontravel.community\/ita\/wp-json\/wp\/v2\/media\/282608"}],"wp:attachment":[{"href":"https:\/\/test.evolutiontravel.community\/ita\/wp-json\/wp\/v2\/media?parent=288547"}],"curies":[{"name":"wp","href":"https:\/\/api.w.org\/{rel}","templated":true}]}}