{"id":36987,"date":"2023-03-16T16:16:03","date_gmt":"2023-03-16T15:16:03","guid":{"rendered":"https:\/\/test.evolutiontravel.community\/esp\/?page_id=36987"},"modified":"2023-03-21T13:02:50","modified_gmt":"2023-03-21T12:02:50","slug":"barbara-zoppitelli","status":"publish","type":"page","link":"https:\/\/test.evolutiontravel.community\/esp\/interviste\/barbara-zoppitelli\/","title":{"rendered":"Barbara Zoppitelli"},"content":{"rendered":"\t\t<div data-elementor-type=\"wp-page\" data-elementor-id=\"36987\" class=\"elementor elementor-36987\" data-elementor-post-type=\"page\">\n\t\t\t\t\t\t<section class=\"elementor-section elementor-top-section elementor-element elementor-element-46dbd7d7 elementor-section-boxed elementor-section-height-default elementor-section-height-default\" data-id=\"46dbd7d7\" data-element_type=\"section\" data-settings=\"{\"background_background\":\"classic\"}\">\n\t\t\t\t\t\t<div class=\"elementor-container elementor-column-gap-default\">\n\t\t\t\t\t<div class=\"elementor-column elementor-col-100 elementor-top-column elementor-element elementor-element-373361e0\" data-id=\"373361e0\" data-element_type=\"column\">\n\t\t\t<div class=\"elementor-widget-wrap elementor-element-populated\">\n\t\t\t\t\t\t<div class=\"elementor-element elementor-element-2f550ba6 elementor-widget elementor-widget-heading\" data-id=\"2f550ba6\" data-element_type=\"widget\" data-widget_type=\"heading.default\">\n\t\t\t\t<div class=\"elementor-widget-container\">\n\t\t\t\t\t<h1 class=\"elementor-heading-title elementor-size-default\">Barbara Zoppitelli<\/h1>\t\t\t\t<\/div>\n\t\t\t\t<\/div>\n\t\t\t\t<div class=\"elementor-element elementor-element-78c67526 elementor-widget elementor-widget-image\" data-id=\"78c67526\" data-element_type=\"widget\" data-widget_type=\"image.default\">\n\t\t\t\t<div class=\"elementor-widget-container\">\n\t\t\t\t\t\t\t\t\t\t\t\t\t\t\t<img fetchpriority=\"high\" decoding=\"async\" width=\"300\" height=\"250\" src=\"https:\/\/test.evolutiontravel.community\/esp\/wp-content\/uploads\/2023\/03\/Barbara-Zoppitelli-nuova-300x250.png\" class=\"attachment-medium size-medium wp-image-36990\" alt=\"\" srcset=\"https:\/\/test.evolutiontravel.community\/esp\/wp-content\/uploads\/2023\/03\/Barbara-Zoppitelli-nuova-300x250.png 300w, https:\/\/test.evolutiontravel.community\/esp\/wp-content\/uploads\/2023\/03\/Barbara-Zoppitelli-nuova-50x42.png 50w, https:\/\/test.evolutiontravel.community\/esp\/wp-content\/uploads\/2023\/03\/Barbara-Zoppitelli-nuova-100x83.png 100w, https:\/\/test.evolutiontravel.community\/esp\/wp-content\/uploads\/2023\/03\/Barbara-Zoppitelli-nuova.png 600w\" sizes=\"(max-width: 300px) 100vw, 300px\" \/>\t\t\t\t\t\t\t\t\t\t\t\t\t\t\t<\/div>\n\t\t\t\t<\/div>\n\t\t\t\t<div class=\"elementor-element elementor-element-2f3a44a8 e-grid-align-left elementor-shape-rounded elementor-grid-0 elementor-widget elementor-widget-social-icons\" data-id=\"2f3a44a8\" data-element_type=\"widget\" data-widget_type=\"social-icons.default\">\n\t\t\t\t<div class=\"elementor-widget-container\">\n\t\t\t\t\t\t\t<div class=\"elementor-social-icons-wrapper elementor-grid\" role=\"list\">\n\t\t\t\t\t\t\t<span class=\"elementor-grid-item\" role=\"listitem\">\n\t\t\t\t\t<a class=\"elementor-icon elementor-social-icon elementor-social-icon-facebook elementor-repeater-item-ac4210e\" href=\"https:\/\/www.facebook.com\/usanelcuore\" target=\"_blank\">\n\t\t\t\t\t\t<span class=\"elementor-screen-only\">Facebook<\/span>\n\t\t\t\t\t\t<i aria-hidden=\"true\" class=\"fab fa-facebook\"><\/i>\t\t\t\t\t<\/a>\n\t\t\t\t<\/span>\n\t\t\t\t\t\t\t<span class=\"elementor-grid-item\" role=\"listitem\">\n\t\t\t\t\t<a class=\"elementor-icon elementor-social-icon elementor-social-icon-envelope elementor-repeater-item-e70e71e\" href=\"http:\/\/barbara.zoppitelli@evolutiontravel.it\" target=\"_blank\">\n\t\t\t\t\t\t<span class=\"elementor-screen-only\">Envelope<\/span>\n\t\t\t\t\t\t<i aria-hidden=\"true\" class=\"fas fa-envelope\"><\/i>\t\t\t\t\t<\/a>\n\t\t\t\t<\/span>\n\t\t\t\t\t<\/div>\n\t\t\t\t\t\t<\/div>\n\t\t\t\t<\/div>\n\t\t\t\t<div class=\"elementor-element elementor-element-5e64557 elementor-widget elementor-widget-button\" data-id=\"5e64557\" data-element_type=\"widget\" data-widget_type=\"button.default\">\n\t\t\t\t<div class=\"elementor-widget-container\">\n\t\t\t\t\t\t\t\t\t<div class=\"elementor-button-wrapper\">\n\t\t\t\t\t<a class=\"elementor-button elementor-button-link elementor-size-sm\" href=\"https:\/\/test.evolutiontravel.community\/esp\/interviste\/\">\n\t\t\t\t\t\t<span class=\"elementor-button-content-wrapper\">\n\t\t\t\t\t\t\t\t\t<span class=\"elementor-button-text\">Volver al men\u00fa <\/span>\n\t\t\t\t\t<\/span>\n\t\t\t\t\t<\/a>\n\t\t\t\t<\/div>\n\t\t\t\t\t\t\t\t<\/div>\n\t\t\t\t<\/div>\n\t\t\t\t\t<\/div>\n\t\t<\/div>\n\t\t\t\t\t<\/div>\n\t\t<\/section>\n\t\t\t\t<\/div>\n\t\t","protected":false},"excerpt":{"rendered":"<p>Barbara Zoppitelli Facebook Envelope Profesiones tur\u00edsticas, autoempleo convirti\u00e9ndose en consultor de viajes online En los \u00faltimos a\u00f1os, entre las crecientes profesiones tur\u00edsticas, la de consultor\u2026<\/p>\n","protected":false},"author":811,"featured_media":0,"parent":14636,"menu_order":0,"comment_status":"closed","ping_status":"closed","template":"","meta":{"pmpro_default_level":"","_price":"","_stock":"","_tribe_ticket_header":"","_tribe_default_ticket_provider":"","_tribe_ticket_capacity":"0","_ticket_start_date":"","_ticket_end_date":"","_tribe_ticket_show_description":"","_tribe_ticket_show_not_going":false,"_tribe_ticket_use_global_stock":"","_tribe_ticket_global_stock_level":"","_global_stock_mode":"","_global_stock_cap":"","_tribe_rsvp_for_event":"","_tribe_ticket_going_count":"","_tribe_ticket_not_going_count":"","_tribe_tickets_list":"[]","_tribe_ticket_has_attendee_info_fields":false,"footnotes":"","_tec_slr_enabled":"","_tec_slr_layout":""},"class_list":["post-36987","page","type-page","status-publish","hentry","pmpro-has-access"],"ticketed":false,"app_access":{"can_access":true,"restrict_message":null},"_links":{"self":[{"href":"https:\/\/test.evolutiontravel.community\/esp\/wp-json\/wp\/v2\/pages\/36987","targetHints":{"allow":["GET"]}}],"collection":[{"href":"https:\/\/test.evolutiontravel.community\/esp\/wp-json\/wp\/v2\/pages"}],"about":[{"href":"https:\/\/test.evolutiontravel.community\/esp\/wp-json\/wp\/v2\/types\/page"}],"author":[{"embeddable":true,"href":"https:\/\/test.evolutiontravel.community\/esp\/wp-json\/wp\/v2\/users\/811"}],"replies":[{"embeddable":true,"href":"https:\/\/test.evolutiontravel.community\/esp\/wp-json\/wp\/v2\/comments?post=36987"}],"version-history":[{"count":51,"href":"https:\/\/test.evolutiontravel.community\/esp\/wp-json\/wp\/v2\/pages\/36987\/revisions"}],"predecessor-version":[{"id":37422,"href":"https:\/\/test.evolutiontravel.community\/esp\/wp-json\/wp\/v2\/pages\/36987\/revisions\/37422"}],"up":[{"embeddable":true,"href":"https:\/\/test.evolutiontravel.community\/esp\/wp-json\/wp\/v2\/pages\/14636"}],"wp:attachment":[{"href":"https:\/\/test.evolutiontravel.community\/esp\/wp-json\/wp\/v2\/media?parent=36987"}],"curies":[{"name":"wp","href":"https:\/\/api.w.org\/{rel}","templated":true}]}}